e
Is 10200269 composite?
True
Is 114845233 a prime number?
False
Is 2796203 prime?
True
Is 10734499 composite?
False
Is 45014631 prime?
False
Is 81955217 composite?
True
Is 121489039 composite?
True
Is 117471287 prime?
True
Is 4688261 composite?
False
Is 26531465 a prime number?
False
Is 592403 prime?
False
Is 331927753 a composite number?
False
Is 13667259 prime?
False
Is 1013741 a composite number?
False
Is 16497557 a composite number?
False
Is 13441877 a composite number?
True
Is 378407735 a prime number?
False
Is 275591557 a prime number?
True
Is 36866 a prime number?
False
Is 102118961 a composite number?
True
Is 2299111 composite?
False
Is 18529 prime?
False
Is 54709243 composite?
False
Is 608873 composite?
False
Is 1339603231 prime?
True
Is 272612611 composite?
True
Is 8702803 composite?
False
Is 166441 a prime number?
False
Is 149773421 a prime number?
False
Is 10291639 a prime number?
True
Is 9554827 a composite number?
True
Is 17447061 a prime number?
False
Is 19097549 prime?
False
Is 1926229 a composite number?
True
Is 39865231 a composite number?
True
Is 8180957 a composite number?
False
Is 889037 prime?
True
Is 11025151 prime?
True
Is 42610121 a prime number?
True
Is 422535097 a prime number?
True
Is 17469553 a composite number?
True
Is 2328862 a prime number?
False
Is 11058493 a prime number?
False
Is 38795399 a composite number?
True
Is 315881 prime?
True
Is 41392957 composite?
True
Is 117632521 a composite number?
False
Is 19596041 a composite number?
False
Is 83297477 a composite number?
False
Is 41732329 composite?
False
Is 16799851 a composite number?
True
Is 8357981 a prime number?
False
Is 6015527 a prime number?
False
Is 1090028989 a prime number?
False
Is 21047599 prime?
False
Is 62998193 prime?
False
Is 692957 composite?
False
Is 16591043 a prime number?
False
Is 15969179 a composite number?
False
Is 46790617 a prime number?
False
Is 15364733 a composite number?
False
Is 4551457 composite?
True
Is 6470174 a prime number?
False
Is 109458929 a prime number?
True
Is 824227 prime?
True
Is 22012847 prime?
False
Is 3205837 prime?
True
Is 1586617 a prime number?
True
Is 253501 prime?
True
Is 19647473 a prime number?
False
Is 1268537 composite?
False
Is 62851 a prime number?
True
Is 1334969 composite?
False
Is 9258419 prime?
True
Is 5993149 a prime number?
False
Is 498598843 composite?
False
Is 185638273 a composite number?
False
Is 120168955 a prime number?
False
Is 4835357 prime?
True
Is 1004581 composite?
True
Is 48376999 a prime number?
False
Is 322073 a prime number?
True
Is 1242739 a prime number?
True
Is 66891283 composite?
False
Is 266141 a prime number?
False
Is 325320917 a prime number?
False
Is 1011509 a prime number?
True
Is 16981763 a prime number?
False
Is 8813723 prime?
True
Is 168599 a prime number?
True
Is 114472415 a prime number?
False
Is 2563298 a prime number?
False
Is 8479997 a prime number?
False
Is 418952357 a prime number?
False
Is 50092178 a composite number?
True
Is 12117371 prime?
False
Is 2276267 composite?
True
Is 615930407 a prime number?
False
Is 706453 a prime number?
False
Is 43100647 a composite number?
False
Is 3919163 composite?
True
Is 2128507 prime?
False
Is 10001531 a composite number?
False
Is 158133491 prime?
False
Is 7497839 prime?
False
Is 513487 composite?
True
Is 63019217 a prime number?
False
Is 848983 a composite number?
False
Is 63114869 a composite number?
False
Is 9672073 a composite number?
True
Is 1778471 a composite number?
False
Is 44437469 a prime number?
True
Is 59898899 prime?
True
Is 298935167 composite?
False
Is 6438331 prime?
True
Is 58011953 composite?
False
Is 72857 a prime number?
False
Is 3125981 composite?
True
Is 7132019 a prime number?
True
Is 225668771 composite?
True
Is 57637 composite?
False
Is 13808969 composite?
False
Is 95844041 a prime number?
True
Is 10033619 a prime number?
True
Is 38109133 prime?
False
Is 11249629 prime?
True
Is 275087 a composite number?
False
Is 79804243 prime?
True
Is 749701 a prime number?
True
Is 3063847 prime?
False
Is 83033183 a composite number?
False
Is 1356755 prime?
False
Is 1754671 a prime number?
False
Is 65236645 prime?
False
Is 26231993 a prime number?
True
Is 17779397 a prime number?
True
Is 65129239 a composite number?
True
Is 69693493 prime?
True
Is 2075807 prime?
False
Is 2345533 a prime number?
True
Is 10617313 a composite number?
True
Is 322996987 prime?
True
Is 855857 composite?
False
Is 8382623 composite?
False
Is 103045377 a prime number?
False
Is 25378643 prime?
False
Is 6586961 a prime number?
True
Is 61807443 a composite number?
True
Is 860202679 composite?
True
Is 11312683 prime?
False
Is 5523641 prime?
True
Is 59626715 prime?
False
Is 555974449 prime?
False
Is 889853 a composite number?
True
Is 308621 a prime number?
True
Is 22545811 a composite number?
False
Is 436217 a prime number?
True
Is 17140633 prime?
True
Is 10897669 a prime number?
False
Is 1754839 composite?
True
Is 22846037 prime?
False
Is 2098561163 composite?
False
Is 4720019 prime?
True
Is 3921947 a prime number?
False
Is 5817283 a prime number?
True
Is 171413 a prime number?
False
Is 16947478 a prime number?
False
Is 120026369 composite?
False
Is 9894689 prime?
False
Is 10218749 a composite number?
False
Is 93675227 prime?
False
Is 98726 a composite number?
True
Is 1431539 a prime number?
True
Is 64964793 a composite number?
True
Is 3858203 composite?
True
Is 7001537 a prime number?
True
Is 54570709 a prime number?
True
Is 54914207 prime?
True
Is 76154443 prime?
True
Is 89619689 a composite number?
False
Is 91416841 composite?
True
Is 3269503 prime?
True
Is 31404419 a prime number?
False
Is 18690083 prime?
False
Is 1409963 a composite number?
True
Is 735898 composite?
True
Is 17850013 composite?
False
Is 41341 composite?
False
Is 18637711 composite?
False
Is 10177777 prime?
True
Is 57950051 a prime number?
True
Is 1946785 prime?
False
Is 170671951 prime?
True
Is 216011179 a composite number?
False
Is 58229111 a prime number?
True
Is 141281 prime?
False
Is 53135339 composite?
True
Is 27750199 a prime number?
False
Is 16497863 prime?
False
Is 21350141 composite?
True
Is 5894477 a composite number?
False
Is 13970081 prime?
False
Is 6773527 a composite number?
False
Is 1088797135 prime?
False
Is 1313141 a prime number?
True
Is 17335531 a composite number?
False
Is 148769473 a composite number?
False
Is 80868093 composite?
True
Is 15202817 a prime number?
False
Is 5035697 a composite number?
True
Is 11659547 a composite number?
True
Is 677143627 a composite number?
True
Is 10120741 prime?
True
Is 1326071 composite?
False
Is 663242161 prime?
False
Is 59777929 prime?
True
Is 25381171 a composite number?
False
Is 317291 a prime number?
False
Is 6202561 composite?
False
Is 11181839 a composite number?
False
Is 2597321 composite?
True
Is 9541563 a prime number?
False
Is 458945681 prime?
False
Is 185011 composite?
True
Is 13229749 prime?
False
Is 16518349 prime?
False
Is 443999 composite?
False
Is 10597697 prime?
False
Is 3441245 prime?
False
Is 444413 a composite number?
True
Is 3778687 a composite number?
True
Is 992698363 composite?
False
Is 72902939 a prime number?
False
Is 9210083 a prime number?
False
Is 1331753 a prime number?
False
Is 47566073 composite?
False
Is 28855979 a composite number?
True
Is 23822921 a composite number?
False
Is 27436771 composite?
True
Is 1069631 a composite number?
False
Is 28231717 prime?
False
Is 206416747 prime?
False
Is 475678741 prime?
False
Is 25433543 composite?
True
Is 2576359 composite?
True
Is 35593177 a prime number?
False
Is 12685163 composite?
False
Is 4113361 a composite number?
True
Is 623282579 a prime number?
True
Is 15347602 a prime number?
False
Is 6008173 prime?
True
Is 274591 prime?
True
Is 138001163 a composite number?
True
Is 293756971 a prime number?
False
Is 30931977 a prime number?
False
Is 13817887 a composite number?
True
Is 9440609 composite?
False
Is 125403323 a composite number?
True
Is 1260419 a composite number?
False
Is 63103399 a prime number?
True
Is 14531527 a prime number?
False
Is 203137469 composite?
False
Is 8852501 a prime number?
False
Is 4603741 composite?
False
Is 20152663 prime?
False
Is 5955107 composite?
False
Is 7510823 composite?
True
Is 23100061 a composite numbe